, -4*v = -3*j - 15. Calculate the highest common factor of v and 4.
2
Let o(n) = -6*n + 2. Let y be o(-1). Suppose 11*d - y*d = 66. Calculate the greatest common divisor of d and 55.
11
Let g(m) = m**2 + 6*m - 6. Let s be g(3). What is the greatest common factor of 21 and s?
21
Let n = 53 + -27. Calculate the greatest common divisor of 286 and n.
26
Let m(b) = 2*b**2 + 5*b - 2. Let w be m(-4). Suppose 2*s + 22 + 26 = 0. Let l = s + 34. Calculate the highest common factor of w and l.
10
Let p be ((-2)/(-6))/(1/39). Suppose 6*n = n + 5*u + 135, 3 = -3*u. What is the greatest common factor of p and n?
13
Let w(p) = -4*p - 2. Let g be w(-2). Let i(r) = 8*r - 6. Let b be i(g). What is the highest common divisor of b and 14?
14
Let v be (-1)/(-3)*0 - -2. Suppose -w + 70 = 5*t - v*w, -4*w - 10 = -2*t. What is the highest common divisor of 30 and t?
15
Let c = -53 - -116. What is the highest common divisor of c and 7?
7
Let h be 1/(((-6)/(-15))/(540/50)). Suppose -13 - 5 = -k. What is the highest common divisor of k and h?
9
Let b be 17 + -4 - (-2)/2. What is the highest common factor of 2 and b?
2
Let a(g) = g - 2. Let s be a(2). Suppose s*l = 3*l - 330. Suppose 5*c - 53 = 3*t, 0 = c - 3*t + 2*t - 11. Calculate the highest common divisor of l and c.
10
Suppose -a - 1 + 3 = 0. Suppose -f = a*n - 5, 0 = -f - 4*f + 4*n + 81. What is the highest common divisor of f and 91?
13
Suppose v - w = 11, 4*v + 13 = 6*v + w. Calculate the highest common factor of v and 20.
4
Suppose -5*p + 4*p + 21 = n, 2*p = 3*n - 48. Let y(z) = 2*z**2 + 2*z + 5. Let q be y(-5). What is the highest common divisor of n and q?
9
Let i(t) = -t**2 + 8. Let x = 2 - 0. Suppose -c + 3*c = -x*v, 0 = 3*v - 2*c. Let j be i(v). What is the highest common divisor of j and 16?
8
Let d = 62 + 48. Let n(k) be the third derivative of 11*k**4/24 - k**3/6 + k**2. Let g be n(1). What is the highest common divisor of g and d?
10
Let k be (-252)/(-66) + 4/22. Calculate the greatest common factor of k and 10.
2
Let q(i) = i**3 - 3*i**2 - 6*i + 5. Let a be q(4). Let j be -4*(a + -1) + 2. What is the highest common factor of j and 27?
9
Let w be (-6)/(-9)*6/2. Suppose -56 = -a - w*p, 5*a + 0*p = p + 247. Calculate the highest common factor of 125 and a.
25
Suppose -7*t = -5*t. Let l = 20 - 10. Suppose 2*j = 4*i - 2*j - 148, t = 2*j - l. Calculate the highest common divisor of i and 28.
14
Suppose 2 = 3*n - 7. What is the greatest common divisor of n and 12?
3
Let l = 67 + -118. Let x be (-12)/102 + (-1077)/l. What is the highest common divisor of x and 84?
21
Suppose 0*u + 4*j - 52 = -4*u, -3*u + 2*j = -39. Let n = 8 + u. Suppose -5*y + n = -2*y. Calculate the highest common factor of 35 and y.
7
Let w be (-1 - -12) + -1 + 1. Calculate the highest common divisor of w and 1.
1
Suppose 2*n + 8 = 4. Let j be 110/15*(-21)/n. What is the highest common divisor of j and 7?
7
Suppose 5*g - 10 = 5. Suppose -o + 12 = g*o. Suppose -4*z + 24 = -2*z. What is the greatest common factor of z and o?
3
Suppose 2*o + 32 = 5*r - 46, r - 4*o - 12 = 0. Calculate the highest common factor of r and 48.
16
Let a = 59 + 141. Calculate the highest common divisor of a and 25.
25
Let n(d) = -15*d + 15. Let f be n(-11). Suppose -2*o - 66 = -x - 14, 4*x - o - f = 0. Calculate the greatest common divisor of 22 and x.
22
Let y(j) = 2*j**3 + 1. Let w be y(1). Let v be (-40)/(-6) + (-2)/w. Suppose -2*t - v - 1 = -5*l, 2*t - 8 = 0. What is the greatest common factor of 33 and l?
3
Let z be 1/(-2)*-6 - -1. What is the greatest common factor of z and 32?
4
Suppose -5*w = 3*l - 24 - 11, 3*w + 3 = 3*l. Suppose -12 = -w*g + g. Suppose 27 = g*z - 21. Calculate the highest common divisor of 108 and z.
12
Suppose -f = f - 3*l - 243, 3*f - 3*l - 363 = 0. Let h = f + -80. Calculate the highest common divisor of h and 8.
8
Let r(j) = 2*j - 4. Let t be r(14). Calculate the highest common factor of 96 and t.
24
Let g(b) = -7*b**3 - 2*b - 2. Let f be g(-1). What is the highest common factor of 7 and f?
7
Let p be (-38)/4 + (-3)/(-6). Let c = p + 37. Calculate the greatest common divisor of c and 70.
14
Suppose 4*h - 38 = 38. Calculate the greatest common factor of h and 19.
19
Let b = -26 + 55. Suppose 4*q = 3*z + 125, 3*z - 4*z - 3 = 0. Calculate the highest common divisor of q and b.
29
Let n = -45 - -69. Calculate the highest common divisor of 8 and n.
8
Suppose -351 = -3*c + 3*r, 3*c - 4*r - 240 = 107. Let u = 12 + -10. Suppose -u*k - 22 = -4*k. Calculate the greatest common factor of c and k.
11
Suppose 3*g - o - 62 = 209, -g + 87 = 3*o. What is the greatest common divisor of g and 15?
15
Suppose v - 6*v + 15 = 0. Suppose v*t - 531 = 3*r, 3*t - r - 533 = 4*r. Calculate the greatest common factor of t and 16.
16
Let l(u) = u**2 + u. Let n be l(4). Calculate the highest common factor of n and 220.
20
Suppose 10*y - 32 + 12 = 0. Calculate the greatest common divisor of y and 4.
2
Suppose -8*n + 3*n + 1100 = 0. What is the greatest common factor of n and 20?
20
Suppose 4*x + 1068 = 4*i, 3*i = -2*i - 3*x + 1319. Calculate the highest common factor of 53 and i.
53
Let q = 378 + 200. Suppose -2*g = -5*i - 242, g - 6*g - i = -q. Suppose 0*p + 3*p + g = 4*d, -5*p = 20. Calculate the highest common factor of 13 and d.
13
Let t(r) = 5*r**2 - 4*r**2 - 1 + 0*r**2 + 2*r. Let l be t(-6). Let q = 45 + l. Calculate the greatest common divisor of q and 17.
17
Let d(z) = z + 20. Let b be d(-6). What is the greatest common factor of 28 and b?
14
Suppose -11 = -q - 0*q. Suppose -31 = -c + h, -112 + 3 = -3*c - 5*h. What is the highest common factor of q and c?
11
Suppose -3*a + 15 = 0, -2*v = -2*a - 3*a - 35. Let d be (-10)/v - (-82)/3. Calculate the greatest common divisor of 108 and d.
27
Suppose 0 = 5*b - 83 - 117. Calculate the highest common factor of b and 5.
5
Suppose -3*u + 5*u = 28. Let d = u + 2. What is the greatest common factor of 48 and d?
16
Let p(n) be the second derivative of n**4/6 + n**3/2 - 2*n**2 - n. Let o be p(-4). Calculate the highest common divisor of o and 24.
8
Let b(o) be the first derivative of -o**3/3 - 4*o**2 + 10*o - 3. Let g = 3 - 12. Let h be b(g). Calculate the highest common factor of h and 8.
1
Suppose 3*r - 140 = 4*q, -5*r - q + 224 = -3*q. Suppose -2*t - 8 = -0*t, -3*a + 4*t = -7. Let z = 8 - a. Calculate the greatest common factor of z and r.
11
Let t(v) be the first derivative of -7*v**2/2 - 4*v + 1. Let u be t(-3). What is the highest common divisor of 17 and u?
17
Suppose -11*x + 3*x + 176 = 0. Calculate the greatest common divisor of 110 and x.
22
Suppose -3 = -m, 0 = -3*w + 3*m + 51 + 48. Let f be 1/6 + 46/12. What is the greatest common factor of w and f?
4
Let m(f) = -f + 5. Let j be m(8). Let x = j + 7. What is the highest common factor of 2 and x?
2
Let t = -304 + 435. Let m = t + -46. Suppose 0 = -c + 6*c - m. Calculate the greatest common factor of c and 68.
17
Suppose 0 = 3*w + 4*a - 42, 3*a + 13 = 3*w - 8. Let j be 35/(-2)*(-12)/w. Calculate the highest common divisor of 3 and j.
3
Let m(z) = -6*z - 4*z + z + 4 - z. Let f be m(-5). What is the highest common factor of 81 and f?
27
Let y(f) = f + 16. Let z be y(-7). Let g = z - -3. What is the greatest common divisor of g and 60?
12
Suppose 0 = -2*c - 2*c + 28. Let n(z) = -3*z + 6. Let b be n(-5). Calculate the highest common factor of c and b.
7
Let u(h) = 6*h + 4. Let o be u(2). What is the greatest common divisor of 16 and o?
16
Let i be (-16)/(-56)*28/(-2 + 6). Calculate the greatest common factor of 36 and i.
2
Let v be 4 + -3 + 2 + 1. Suppose 2*l - 2*h = 88 + 84, -v*l = 4*h - 360. What is the greatest common factor of l and 8?
8
Let c be 12 + -15 - 10/(-1). Calculate the highest common divisor of 1 and c.
1
Let h(u) = u**2 - u - 2. Let m be h(-2). Suppose 24 = a + l, -72 = -3*a - 4*l + 2*l. Calculate the greatest common factor of m and a.
4
Let c = 7 + -2. Let v = 10 - 6. Suppose -v*h + 2*u + 3*u + 59 = 0, 3*u = c*h - 64. What is the highest common factor of h and 77?
11
Let i(t) = -t**3 + 14*t**2 - 14*t + 15. Let g be i(13). Calculate the highest common factor of 4 and g.
2
Let q be (-1 - 2/2) + 0. Let l be ((-2)/q - 29)*-1. Suppose 5*k = l + 32. What is the highest common divisor of k and 6?
6
Suppose -2*j = 2*q + j - 27, 25 = 5*j. Suppose 0 = 4*k - q 